{"id":1191,"date":"2026-04-04T15:51:33","date_gmt":"2026-04-04T15:51:33","guid":{"rendered":"https:\/\/tradinagyijak.hu\/?post_type=product&#038;p=1191"},"modified":"2026-04-08T23:34:13","modified_gmt":"2026-04-08T23:34:13","slug":"mameluk-ij","status":"publish","type":"product","link":"https:\/\/tradinagyijak.hu\/index.php\/product\/mameluk-ij\/","title":{"rendered":"Mameluk \u00edj"},"content":{"rendered":"<p>Az \u00edj szarvai r\u00f6videk \u00e9s felajzott \u00e1llapotban el\u0151re d\u0151lnek. A karok szint\u00e9n r\u00f6videk, \u00edvelt kialak\u00edt\u00e1suk egyedi a t\u00f6r\u00f6k \u00edjakhoz hasonlatos, azonnal felismerhet\u0151 form\u00e1t adnak az \u00edjnak \u00e9s m\u00e9g kis fonter\u0151 eset\u00e9n is dinamikus, gyors m\u0171k\u00f6d\u00e9st biztos\u00edtanak. Jellegzetes ford\u00edtott markolat kialak\u00edt\u00e1sa szint\u00e9n a t\u00f6r\u00f6k \u00edjak kialak\u00edt\u00e1s\u00e1hoz \u00e1ll k\u00f6zel, sz\u00e9les, \u00edgy k\u00e9nyelmes \u00e9s stabil fog\u00e1st tesz lehet\u0151v\u00e9. Az \u00edj r\u00f6vids\u00e9ge ellen\u00e9re 32\u201d-os h\u00faz\u00e1shossz jellemzi. Egy m\u00e9retben k\u00e9sz\u00fcl.<\/p>\n<p>Az \u00edj m\u00e9retei:<\/p>\n<p>&#8211; teljes hossz : 136 cm<\/p>\n<p>&#8211; felajzott hossz : 122 cm<\/p>\n<p>&#8211; ideg hossz : 117 cm<\/p>\n<p>&#8211; maxim\u00e1lis h\u00faz\u00e1s hossz : 32\u201d<\/p>\n<p>&#8211; v\u00e1laszthat\u00f3 fonter\u0151 : 25-60# k\u00f6z\u00f6tt<\/p>\n","protected":false},"excerpt":{"rendered":"<p>Az \u00edj szarvai r\u00f6videk \u00e9s felajzott \u00e1llapotban el\u0151re d\u0151lnek. A karok szint\u00e9n r\u00f6videk, \u00edvelt kialak\u00edt\u00e1suk egyedi a t\u00f6r\u00f6k \u00edjakhoz hasonlatos, azonnal felismerhet\u0151 form\u00e1t adnak az \u00edjnak \u00e9s m\u00e9g kis fonter\u0151 eset\u00e9n is dinamikus, gyors m\u0171k\u00f6d\u00e9st biztos\u00edtanak. Jellegzetes ford\u00edtott markolat kialak\u00edt\u00e1sa szint\u00e9n a t\u00f6r\u00f6k \u00edjak kialak\u00edt\u00e1s\u00e1hoz \u00e1ll k\u00f6zel, sz\u00e9les, \u00edgy k\u00e9nyelmes \u00e9s stabil fog\u00e1st tesz lehet\u0151v\u00e9.[&#8230;]<\/p>\n","protected":false},"featured_media":1197,"comment_status":"open","ping_status":"closed","template":"","meta":[],"product_cat":[15],"product_tag":[],"_links":{"self":[{"href":"https:\/\/tradinagyijak.hu\/index.php\/wp-json\/wp\/v2\/product\/1191"}],"collection":[{"href":"https:\/\/tradinagyijak.hu\/index.php\/wp-json\/wp\/v2\/product"}],"about":[{"href":"https:\/\/tradinagyijak.hu\/index.php\/wp-json\/wp\/v2\/types\/product"}],"replies":[{"embeddable":true,"href":"https:\/\/tradinagyijak.hu\/index.php\/wp-json\/wp\/v2\/comments?post=1191"}],"wp:featuredmedia":[{"embeddable":true,"href":"https:\/\/tradinagyijak.hu\/index.php\/wp-json\/wp\/v2\/media\/1197"}],"wp:attachment":[{"href":"https:\/\/tradinagyijak.hu\/index.php\/wp-json\/wp\/v2\/media?parent=1191"}],"wp:term":[{"taxonomy":"product_cat","embeddable":true,"href":"https:\/\/tradinagyijak.hu\/index.php\/wp-json\/wp\/v2\/product_cat?post=1191"},{"taxonomy":"product_tag","embeddable":true,"href":"https:\/\/tradinagyijak.hu\/index.php\/wp-json\/wp\/v2\/product_tag?post=1191"}],"curies":[{"name":"wp","href":"https:\/\/api.w.org\/{rel}","templated":true}]}}